usands digit of 159071?
9
What is the thousands digit of 251024?
1
What is the hundreds digit of 17274658?
6
What is the thousands digit of 1164083?
4
What is the hundred thousands digit of 4373368?
3
What is the hundred thousands digit of 335996?
3
What is the hundred thousands digit of 306196?
3
What is the hundreds digit of 676521?
5
What is the ten thousands digit of 302737?
0
What is the units digit of 14633974?
4
What is the hundred thousands digit of 209715?
2
What is the ten thousands digit of 167363?
6
What is the hundreds digit of 36989963?
9
What is the hundred thousands digit of 3601814?
6
What is the tens digit of 5633673?
7
What is the hundreds digit of 1242306?
3
What is the ten thousands digit of 5627425?
2
What is the ten thousands digit of 824528?
2
What is the hundred thousands digit of 212469?
2
What is the millions digit of 1017459?
1
What is the units digit of 5810431?
1
What is the ten thousands digit of 138998?
3
What is the hundreds digit of 251300?
3
What is the tens digit of 963586?
8
What is the millions digit of 2529079?
2
What is the ten thousands digit of 428515?
2
What is the hundreds digit of 1293650?
6
What is the tens digit of 1041050?
5
What is the units digit of 10275041?
1
What is the thousands digit of 231348?
1
What is the hundreds digit of 2140637?
6
What is the tens digit of 135091?
9
What is the units digit of 48543?
3
What is the thousands digit of 210843?
0
What is the tens digit of 18226692?
9
What is the hundreds digit of 705400?
4
What is the thousands digit of 11949749?
9
What is the hundreds digit of 10574?
5
What is the units digit of 2485524?
4
What is the ten thousands digit of 63115?
6
What is the ten thousands digit of 388089?
8
What is the hundreds digit of 6309501?
5
What is the thousands digit of 2295776?
5
What is the tens digit of 62414?
1
What is the tens digit of 253456?
5
What is the units digit of 311692?
2
What is the ten thousands digit of 1640783?
4
What is the tens digit of 399843?
4
What is the hundred thousands digit of 1237368?
2
What is the thousands digit of 7626939?
6
What is the hundreds digit of 501424?
4
What is the thousands digit of 11148244?
8
What is the units digit of 1759342?
2
What is the units digit of 1621880?
0
What is the millions digit of 1274633?
1
What is the units digit of 128079?
9
What is the hundred thousands digit of 286900?
2
What is the tens digit of 7862928?
2
What is the units digit of 45741?
1
What is the ten thousands digit of 391953?
9
What is the units digit of 325990?
0
What is the hundreds digit of 4289331?
3
What is the thousands digit of 6633845?
3
What is the ten thousands digit of 9009113?
0
What is the hundred thousands digit of 213165?
2
What is the thousands digit of 283192?
3
What is the thousands digit of 216023?
6
What is the tens digit of 422418?
1
What is the hundred thousands digit of 17643728?
6
What is the tens digit of 18360682?
8
What is the hundreds digit of 1871495?
4
What is the tens digit of 1037893?
9
What is the thousands digit of 339338?
9
What is the hundreds digit of 78585?
5
What is the tens digit of 2560473?
7
What is the units digit of 1789668?
8
What is the millions digit of 3797456?
3
What is the units digit of 1198839?
9
What is the ten thousands digit of 3884812?
8
What is the tens digit of 216071?
7
What is the millions digit of 2998321?
2
What is the millions digit of 5053945?
5
What is the hundred thousands digit of 314629?
3
What is the thousands digit of 2690?
2
What is the millions digit of 4249060?
4
What is the ten thousands digit of 3007241?
0
What is the thousands digit of 1716384?
6
What is the units digit of 15554588?
8
What is the thousands digit of 8759594?
9
What is the tens digit of 718784?
8
What is the ten thousands digit of 4584366?
8
What is the units digit of 113998?
8
What is the thousands digit of 4017526?
7
What is the ten thousands digit of 558174?
5
What is the units digit of 2490009?
9
What is the ten millions digit of 17541074?
1
What is the ten thousands digit of 1057136?
5
What is the hundreds digit of 9215114?
1
What is the hundreds digit of 23651?
6
What is the hundred thousands digit of 147617?
1
What is the millions digit of 3170526?
3
What is the tens digit of 82545?
4
What is the tens digit of 255766?
6
What is the thousands digit of 1282559?
2
What is the millions digit of 4623199?
4
What is the tens digit of 9819?
1
What is the tens digit of 1398441?
4
What is the units digit of 531016?
6
What is the hundreds digit of 1525835?
8
What is the hundreds digit of 5061314?
3
What is the hundred thousands digit of 4408009?
4
What is the hundred thousands digit of 326986?
3
What is the units digit of 7617237?
7
What is the thousands digit of 865606?
5
What is the tens digit of 784949?
4
What is the millions digit of 16132822?
6
What is the millions digit of 5109927?
5
What is the thousands digit of 39752?
9
What is the units digit of 7611053?
3
What is the tens digit of 3569268?
6
What is the ten thousands digit of 37662166?
6
What is the hundred thousands digit of 4558888?
5
What is the hundreds digit of 4769431?
4
What is the units digit of 11018939?
9
What is the ten thousands digit of 112956?
1
What is the tens digit of 10388314?
1
What is the units digit of 176144?
4
What is the units digit of 6740056?
6
What is the units digit of 184476?
6
What is the ten thousands digit of 307475?
0
What is the hundreds digit of 4819771?
7
What is the hundreds digit of 67001?
0
What is the thousands digit of 668970?
8
What is the thousands digit of 12824694?
4
What is the hundreds digit of 30660?
6
What is the ten thousands digit of 186237?
8
What is the hundreds digit of 2129352?
3
What is the tens digit of 437217?
1
What is the thousands digit of 1546127?
6
What is the units digit of 225331?
1
What is the units digit of 3534325?
5
What is the hundreds digit of 2028034?
0
What is the millions digit of 8413207?
8
What is the tens digit of 18536?
3
What is the units digit of 235665?
5
What is the ten thousands digit of 214145?
1
What is the hundred thousands digit of 3948642?
9
What is the ten thousands digit of 121355?
2
What is the ten thousands digit of 8304952?
0
What is the thousands digit of 14747659?
7
What is the hundred thousands digit of 561121?
5
What is the units digit of 910404?
4
What is the thousands digit of 16645?
6
What is the tens digit of 6001718?
1
What is the tens digit of 99466?
6
What is the thousands digit of 1948407?
8
What is the thousands digit of 67608?
7
What is the hundred thousands digit of 459396?
4
What is the hundred thousands digit of 884040?
8
What is the thousands digit of 228919?
8
What is the millions digit of 2678708?
2
What is the hundreds digit of 44753?
7
What is the millions digit of 2926951?
2
What is the ten thousands digit of 97272?
9
What is the thousands digit of 9922?
9
What is the hundreds digit of 2950488?
4
What is the units digit of 165739?
9
What is the millions digit of 1306834?
1
What is the ten thousands digit of 293533?
9
What is the tens digit of 39012545?
4
What is the millions digit of 3278354?
3
What is the tens digit of 248017?
1
What is the hundreds digit of 33131?
1
What is the units digit of 1695850?
0
What is the thousands digit of 2465389?
5
What is the hundreds digit of 4954304?
3
What is the hundreds digit of 1457146?
1
What is the ten thousands digit of 762896?
6
What is the hundreds digit of 209158?
1
What is the millions digit of 1954286?
1
What is the hundreds digit of 679506?
5
What is the tens digit of 1639665?
6
What is the units digit of 825822?
2
What is the tens digit of 10838681?
8
What is the hundred thousands digit of 619995?
6
What is the hundred thousands digit of 2145183?
1
What is the units digit of 145418?
8
What is the hundreds digit of 791910?
9
What is the units digit of 9322181?
1
What is the ten millions digit of 14445446?
1
What is the units digit of 2035247?
7
What is the millions digit of 1255463?
1
What is the thousands digit of 421674?
1
What is the tens digit of 125980?
8
What is the millions digit of 2846374?
2
What is the tens digit of 662891?
9
What is the hundreds digit of 2780722?
7
What is the ten thousands digit of 1267118?
6
What is the hundred thousands digit of 1458738?
4
Wh